 prime factors of i(-5)?
2, 41
Let y = 4 + 0. Suppose y = -5*v + 6*v. What are the prime factors of v?
2
Let o = -6 - -16. Let u(h) = -9*h + 2 - h**3 - h - o*h**2 + 0*h**3. List the prime factors of u(-9).
11
Let r(y) be the first derivative of y**3 - 2*y - 1. What are the prime factors of r(-3)?
5
Suppose 3*i = u - 53 - 2, 0 = 5*i. List the prime factors of u.
5, 11
Suppose 5*n = l + 3, -4 = 2*n - l - 2*l. Let w(m) = 6*m + m - 4*m - 2*m + 6*m**2. List the prime factors of w(n).
7
List the prime factors of (2/(-5))/(((-28)/780)/7).
2, 3, 13
Let q(x) = 0*x - 5*x - 2*x - 3. What are the prime factors of q(-3)?
2, 3
Suppose 25*t = 27*t. Suppose t = 4*w - 0*i + 2*i - 196, -3*w = -2*i - 161. List the prime factors of w.
3, 17
Let z = 2 + 0. What are the prime factors of 0 + -2 + 10 + z?
2, 5
Let n = -105 + 149. What are the prime factors of n?
2, 11
Suppose -2*x - 3 = -5*o, -2*x - 1 = -3*o - 0*o. Suppose -2*b + 33 + o = 0. What are the prime factors of b?
17
Suppose 0*b + 219 = 5*b + 2*l, -174 = -4*b - l. List the prime factors of b.
43
Let c = -275 + 597. What are the prime factors of c?
2, 7, 23
Let u = 17 - 14. List the prime factors of u.
3
Suppose 6*v - 87 = 45. What are the prime factors of v?
2, 11
Let c be 12/1*10/4. Suppose 0 = 4*n - 2 - c. List the prime factors of n.
2
Suppose 3*q + 2*c = 11 + 80, 0 = 3*q + c - 89. What are the prime factors of q?
29
Let z = -15 - -10. Let c be 2/z + (-136)/10. Let s = -6 - c. List the prime factors of s.
2
Suppose -q = -4*q + 6. Suppose 5*z - 14 = -k, 12 = 3*k + q*z - 17. What are the prime factors of k?
3
Let f(j) = j**2 - 4*j + 1. What are the prime factors of f(6)?
13
Let d = -6 - -2. Let w be (-4)/(-3) - d/6. Let q = 4 - w. What are the prime factors of q?
2
Suppose r + 1 + 4 = w, 5*r + 4*w + 43 = 0. What are the prime factors of 3/r + (-681)/(-21)?
2
Let a(k) = k - 3. Let z be a(5). Suppose t - 3 - z = 0. Suppose 5*s + 5*i - 65 = 0, t*s - 2*i + 4*i - 68 = 0. List the prime factors of s.
2, 7
Let g(s) = -2*s - 1. Let a be g(-2). Suppose a*o - 4*o + 40 = 0. Suppose 0 = -3*j - 2*j + o. What are the prime factors of j?
2
Suppose -k + 76 = 3*y, y - 2*y = -4*k - 47. Let d = y - 2. List the prime factors of d.
5
Suppose -68 = v + 3*v. Let z = -2 - v. Suppose -4*c = c - z. What are the prime factors of c?
3
Let k(f) = 9*f + 0*f**3 + f**3 + 15*f + 15 + 13*f**2 - 11*f. What are the prime factors of k(-12)?
3
Suppose n - o = -n + 95, 5*o - 149 = -3*n. What are the prime factors of n?
2, 3
Suppose 4*j + 1 = -3. Let u be j*(2 + -1 + 9). Let y = -6 - u. List the prime factors of y.
2
Suppose -138 = -5*r - r. Suppose g = -0*g + r. List the prime factors of g.
23
Let j(n) = n**2 + 8*n - 4. What are the prime factors of j(-11)?
29
Let u be -1*(-4)/(-12)*0. List the prime factors of u + (0 - 1 - -4).
3
Suppose 0 = i - 24 - 22. What are the prime factors of i?
2, 23
Suppose 4*i = 3*i + 119. What are the prime factors of (i/(-7))/(2/(-4))?
2, 17
Let p = 42 - -50. What are the prime factors of p?
2, 23
Let l = -8 - 13. Let t = -12 - l. List the prime factors of t.
3
List the prime factors of 4/(-12)*-3*33.
3, 11
Let u = 7 - 5. Let o = u + 3. Suppose -o*t + 40 + 40 = 0. List the prime factors of t.
2
Let m(d) = d + 4. Let c be m(-6). List the prime factors of (-18 - -3)*(1 + c).
3, 5
Let m be -4 + 2 + 1 + 1. Suppose 5*p + 2*y = m, 0 = 5*p - 2*y - 12 - 8. Suppose 6 = p*q - 30. List the prime factors of q.
2, 3
Let s(r) = -4*r + 2. Let b be s(2). Let o(u) = u**2 + 4*u - 1. List the prime factors of o(b).
11
Suppose 122 = 3*b - 2*b + 4*g, -4*b - 4*g + 428 = 0. What are the prime factors of b?
2, 3, 17
Let p be (-25)/(-4) - (-3)/(-12). Let l = p + -11. Let z = l - -9. List the prime factors of z.
2
Let x be 44/36 + 2/(-9). Let j = x + 5. List the prime factors of j.
2, 3
What are the prime factors of (-28)/(-7) - 58/(-2)?
3, 11
Suppose -3*r = 3*n - 2*r - 40, 0 = r - 4. Let s = n + 0. Suppose 0 = 4*l, l - s = -4*b - l. List the prime factors of b.
3
Suppose 0 = 6*c + 3*c - 639. List the prime factors of c.
71
Let x(l) = l**3 - l**2 - 2*l - 4. List the prime factors of x(4).
2, 3
Suppose 5*s + 20 = -4*q + 6*q, 4*q - 4*s - 40 = 0. Let p = q - 2. List the prime factors of p*(2 + -1) - 3.
5
Let u = 7 - 3. Suppose -20 = -u*c - 0*c, 26 = 3*y - 2*c. List the prime factors of y.
2, 3
Suppose -3*f = -f - 4. Suppose 0 = -f*z - 3*z + 35. What are the prime factors of z?
7
Let b(r) = -r + 2. Let g be b(7). Let o = g - -8. What are the prime factors of o?
3
Let g be (-2)/(-9) - 50/(-18). Let t(h) = h**3 - 2*h**2 - 3*h + 3. What are the prime factors of t(g)?
3
Suppose -62 - 91 = -3*v. What are the prime factors of v?
3, 17
Suppose -3*y + y + 96 = -2*i, 0 = 3*y - 5*i - 136. Suppose y + 26 = 3*s. List the prime factors of 1/(-4) - s/(-8).
3
Suppose 2*j - 222 = -4*t, 69 = 5*t - 4*t - 4*j. Let s = t + -26. List the prime factors of s.
31
Let w(o) = -2*o + 6. Let p(v) = 1. Let q(j) = p(j) - w(j). What are the prime factors of q(8)?
11
Let x(r) be the third derivative of r**5/60 - r**4/8 - 3*r**2. Let n be x(4). Suppose -u + 69 = n*u - 3*p, 2*p - 30 = -3*u. List the prime factors of u.
2, 3
Suppose 5*n + 53 = -3*k, k - 7 = -3. Let f(m) = -m**2 - 2*m + 1. Let y be f(-6). Let p = n - y. List the prime factors of p.
2, 5
Let z = -165 + 232. What are the prime factors of z?
67
Let f be (-1 - 0) + 5 + -2. Suppose -t + 33 = 3*w, 0 = 2*t + f*t + 12. What are the prime factors of w?
2, 3
Let b = -1 - -1. Suppose b*u - 18 = -2*u. Suppose 3*l + 4*z + 6 = 0, -5*z - 24 + u = 0. What are the prime factors of l?
2
Let i = 7 - 8. Let f be (-69)/(-12) - i/4. List the prime factors of (f/8)/((-3)/(-36)).
3
Suppose q - 9 = 4*q, -2*d + q + 19 = 0. Suppose 0*x - d = 4*x. What are the prime factors of (14/4)/(x/(-12))?
3, 7
Suppose 177 = 5*m - 433. List the prime factors of (-3)/6 + m/4.
2, 3, 5
Suppose 6*j - 12 = 2*j. Suppose -2 = -3*g + 1. Suppose 0 = n - j + g. List the prime factors of n.
2
Let g be (-1)/3 - 28/(-12). Suppose 36 = g*w + w. What are the prime factors of w?
2, 3
Suppose -2*g + 8 = 2*m, 0*m + 14 = 2*g + 5*m. Suppose 3*d = -2*t + 68, 5*d - 2*t - 150 = g*t. What are the prime factors of d?
2, 13
Let g = -8 + 4. Let v = g - -6. Suppose 0 = 2*t + v*t - 24. What are the prime factors of t?
2, 3
Suppose 0 = -5*g + 8*g - 66. What are the prime factors of g?
2, 11
Let n(z) = -z**3 - 6*z**2 - 8*z - 9. List the prime factors of n(-5).
2, 3
Let g(f) = 2*f**2 - 6*f - 5. What are the prime factors of g(6)?
31
Let f(l) = l**3 - 1. Let d be f(-1). Let r be (3/d)/((-6)/(-8)). List the prime factors of (12 - (3 + r))/1.
11
Let l be (-2)/((-51)/26 - -2). Let u = -37 - l. What are the prime factors of u?
3, 5
Suppose -2*k - 6*k = -504. List the prime factors of k.
3, 7
Let v = 15 - 2. Suppose -h + v = 2. List the prime factors of h.
11
Let f(w) = 2*w**2 - 11*w + 41. What are the prime factors of f(12)?
197
Let p(f) = -f**3 + 16*f**2 - 5*f + 12. List the prime factors of p(15).
2, 3
Suppose 8*c = 7*c + 187. List the prime factors of c.
11, 17
Suppose -4*o = y - 22, y - 14 = -2*o - y. Suppose -60 = o*q - 10*q. What are the prime factors of q?
2, 3
Let g = -9 - -15. Let j(m) = 2*m**2 - 10*m - 2. What are the prime factors of j(g)?
2, 5
Let c be (-310)/2*9/(-9). Suppose -4*v = -c + 35. Suppose -4*t - v = -2*k, -5*k = -2*k - 3*t - 42. List the prime factors of k.
13
Let s = -22 + 24. Suppose 0 = 2*c + s*c - 36. List the prime factors of c.
3
Suppose -5*u - 2*g = -122 - 219, -2*u - 4*g = -146. List the prime factors of u.
67
Let y(j) = 5*j**3 - 11*j**2 + j + 2. What are the prime factors of y(3)?
41
Suppose 2*u - 4*b = 352, -5*b - 100 = -u + 67. List the prime factors of u.
2, 7, 13
Let u = 6 - 20. Let d = u + 23. What are the prime factors of d?
3
List the prime factors of (-231)/(-2) - 3/6*-3.
3, 13
Let f be 0*2/6 + 3. Suppose 3*s + f = 27. Let a(y) = -y**3 + 8*y**2 + y - 2. What are the prime factors of a(s)?
2, 3
Let f(g) = -11*g**2 + 10*g + 3. Let u(l) = -16*l**2 + 15*l + 4. Let h(w) = 7*f(w) - 5*u(w). What are the prime factors of h(-3)?
43
Let w(s) = 48*s - 81. Let q(b) = -3*b + 5. Let o(n) = -33*q(n) - 2*w(n). Let c be 2/(-4) + (-36)/(-8). List the prime factors of o(c).
3
Suppose -39 + 7 = -4*d. Let q = d + 8. List the prime factors of q.
2
Let b be (-1 - (